git of i?
3
Suppose 0 = -5*p + 13 + 17. What is the units digit of (-38)/(-3) - 4/p?
2
Let n(h) be the third derivative of -h**4/24 - h**3/6 - 3*h**2. What is the units digit of n(-7)?
6
Let g(q) = -3*q**2 + 1. Let o be g(1). Let n = 11 - o. What is the units digit of n?
3
Let q(m) = -m**3 - 2*m**2 - m + 2. Let s be q(-3). Let u be ((-14)/(-5))/(s/35). Let f = 20 - u. What is the tens digit of f?
1
Suppose -3*m = -2*m + 6. What is the tens digit of (92/m)/((-6)/9)?
2
What is the tens digit of (1/(-2))/((-18)/6012)?
6
Let t = -202 - -427. What is the hundreds digit of t?
2
Let g(v) = v**3 - v**2 + v + 180. What is the tens digit of g(0)?
8
Suppose -4*t + 2*f + 230 = 0, -3*t - 5*f + 107 = -85. What is the tens digit of t?
5
Let m = -12 + 104. What is the tens digit of m?
9
Suppose k + 21 = -5*z - 11, 4*z = -4*k - 80. Let a be (-8)/(-4)*k/(-2). Let p = a - 0. What is the tens digit of p?
1
Let h = 12 - 8. Suppose 4*m - m = -4*a + 39, -4*a = -4*m + 24. Suppose m = 3*t - 2*u - h, -4*t + u + 24 = 0. What is the units digit of t?
7
Let t(r) = -2*r**2 + 1 - 4*r - 5 + 3*r**2. Let o be t(5). What is the units digit of (3/(-6))/o*-2?
1
Suppose 4*v = -0 + 8. Let z = v + 0. Suppose z*r - 3*r = -3*k - 12, 2*r + 3 = -3*k. What is the units digit of r?
3
Let y(p) = -p + 9. Suppose -2 - 12 = -2*l. What is the units digit of y(l)?
2
Let b(q) = 3*q + 5. Let p be b(-4). Let k = 12 + p. Suppose -n + k = -0*n. What is the units digit of n?
5
Let y(k) = 6*k**2 - k - 1. Let z(l) = 4*l**3 - 3*l**3 - 4 - 3*l**2 - 1 - 3*l. Let n be z(4). What is the units digit of y(n)?
6
Let d = -114 + 242. What is the tens digit of d?
2
Suppose q - 2 = 3. What is the units digit of q?
5
Let v(m) be the first derivative of m**3/3 + 11*m**2/2 - 2*m - 3. What is the tens digit of v(-12)?
1
Suppose -4*o - 3*p - 79 = 0, 0 = o + 4*p - 10 + 33. Let m = o + 34. What is the units digit of m?
5
Let k = -17 - -23. What is the units digit of k?
6
Let w(k) = -k**3 - 10*k**2 - 10*k - 12. Let t be w(-9). Let i = t + 58. Suppose -i = -5*b - 5*s, -3*b - 2*s + 14 = -14. What is the units digit of b?
6
Let p(w) = 3*w**2 - 6*w - 4. Let m(f) = -8*f**2 + 17*f + 11. Let b(c) = 6*m(c) + 17*p(c). What is the units digit of b(-2)?
0
Suppose -6 = s - 23. What is the tens digit of s?
1
Let k(a) = a**2 - a - 2. Let p = 18 - 20. What is the units digit of k(p)?
4
Let l = -100 - -149. What is the tens digit of l?
4
Let s be (-167)/(-5) + 4/(-10). Let v = s + -20. What is the units digit of v?
3
Suppose -5*b + s - 63 = 0, 2*b + 2*s = 7*b + 66. Let d = -6 - b. What is the units digit of d?
6
Suppose 3*u + 76 = 7*u. Suppose -2*h + u = -h. What is the tens digit of h?
1
Suppose 0 = -5*c + c + 16. Let f = 0 + c. What is the units digit of f?
4
Let b be 130/35 - 4/(-14). Suppose -3*s + d + 3*d = -68, b*s - 76 = -2*d. Suppose 0 = 3*l - 5*l + s. What is the units digit of l?
0
Let z be (-3)/(-6) + 12/8. Suppose -2*j = 4*n - 26, -2*j - 5*n + 52 = z*j. What is the tens digit of j?
1
Let j(q) = 4*q**3 + q**2 + 10*q - 3. What is the units digit of j(3)?
4
What is the units digit of (-41)/(1 + -2) - -4?
5
Let x be (1*-4)/(-1 + 2). Let m = 6 + x. Suppose 2*s - m*y + y - 12 = 0, 3*s - 2*y - 16 = 0. What is the units digit of s?
8
Let j be 1 + -3 + 4*-3. Let b be (-4 - j)*(-3)/(-2). Suppose 5 = -2*o + b. What is the units digit of o?
5
Suppose -n + 61 = -3*w, 0 = w + 4*n - 9*n + 11. Let m = w + 29. What is the units digit of m?
8
Let j(t) = -33*t - 6. What is the tens digit of j(-2)?
6
Let v = 15 - -6. What is the units digit of v?
1
Suppose 4*b - 8 = 12. Let n(r) = -r**2 + 2*r + 4. Let s be n(b). Let h = s - -22. What is the tens digit of h?
1
Suppose 0 = -3*q + 11 - 2. Let b(p) = q*p + 2*p - 7*p. What is the tens digit of b(-6)?
1
Let l = -99 + 132. What is the units digit of l?
3
Suppose 4*f + 18 = 5*x, 4*f + 15 = 5*x - f. What is the units digit of (0 + -2)/(x/(-60))?
0
Suppose 2*i + 0*i + 292 = 0. Let w be i/8 + (-1)/(-4). What is the units digit of 4/(-18) - 202/w?
1
Let p(b) = 3*b**2 + 16*b + 7. What is the units digit of p(-6)?
9
Let q(j) = 3 - 2 + 3*j - 4. Let g be q(2). Suppose -33 = -g*h - 4*d, -d - d + 6 = 0. What is the units digit of h?
7
Suppose 32 = -5*q - 28. What is the tens digit of (q/(-10))/(1/20)?
2
Let i = -9 - 3. Let a = i + 8. Let o = a - -8. What is the units digit of o?
4
Let o(z) = z**3 + 9*z**2 + 11*z + 10. Let h be o(-8). Let r = h - -5. What is the units digit of (-15)/r*3 - 0?
5
Suppose 0 = -2*s - 11 - 1. Let y = s + 8. What is the units digit of y?
2
Suppose -5*d + 52 = -178. What is the tens digit of d?
4
Let x be 2/4 - 3/2. Let u(n) = 6*n**2 - 1. What is the units digit of u(x)?
5
Suppose 6*m = 3*m - 24. Let q = 2 + m. What is the tens digit of (q/4)/((-6)/56)?
1
Suppose 2*a - 10 = 0, -507 + 161 = -n - a. What is the tens digit of n?
4
Suppose 0 = 3*w + 2*w + 4*k - 4, 12 = w - 2*k. Suppose -2*s + 8 = i - 4*i, w*s + 2*i = 32. What is the units digit of s?
7
Suppose 0*m - 19 = -3*l - 2*m, l - 7 = -m. Suppose 3*b = 2*j + 59, -l*j + 33 = 2*b - 0*b. What is the units digit of b?
9
Let n(r) = -r + 4. Let i be n(2). Suppose -2*v - 14 = -i. Let o(f) = f**3 + 5*f**2 - 8*f - 3. What is the units digit of o(v)?
9
Suppose -172 = -0*g + 4*g. Let a = g + 69. What is the tens digit of a?
2
Let z(i) = 4*i**2 + 6*i + 2 + 1 - 2. What is the units digit of z(-4)?
1
Let i(f) = f**3 - f**2 + 2. Let m be i(3). Suppose l - m = -4*l. Suppose -3*c = -c - l. What is the units digit of c?
2
Suppose 3*t = 2*v - 90 - 138, -5*v + 553 = t. What is the units digit of v?
1
Suppose 4*d + 5*a = -14, 2*d - a - a = 2. What is the units digit of (4 - -4)/(0 - d)?
8
Suppose 6 = -f - 2*f. Let i(s) = s - 1. Let u be i(2). What is the units digit of u/2*f - -2?
1
Let k(q) = 10*q - 5. What is the tens digit of k(7)?
6
Suppose -3*d = -5*c - 10, -d + 2*c + 4 = c. Suppose -2*b + 19 = -5*b + j, -2*j = d*b + 17. What is the units digit of (-37)/b - 10/25?
7
Let o(w) = -w**2 + 10*w - 3. Let k(h) = -h**3 + 4*h**2 - h + 3. Let y be k(3). Let n be o(y). Let g = n - 4. What is the units digit of g?
2
Let z be (-3)/(-9)*3 + 12. Suppose -3*g + 4*y + 28 = g, -z = -3*g - y. Suppose -4*f + 2*i = -18, g*f - 5*i + i - 15 = 0. What is the units digit of f?
7
Let v(p) = -p + 14. Let d be v(12). Let w(b) = 3*b**2 - 3*b. What is the units digit of w(d)?
6
Suppose 6 = 4*z - 2. Suppose 0*q = -z*c - 4*q + 26, q = -5*c + 29. Suppose -c*y = -28 - 7. What is the units digit of y?
7
Let p(q) be the first derivative of q**2/2 + 8*q - 1. Let l be p(-7). Let i = l + 5. What is the units digit of i?
6
Suppose x - 2 = 5. What is the units digit of (x/(-14))/(1/(-22))?
1
Suppose -j - 5 = -0*j. What is the units digit of -1 - (j - (2 - 3))?
3
Let r be -32 + 3/3 + -1. What is the units digit of (2/(-4))/(4/r)?
4
Suppose -9 = -2*p + 1. Suppose -49 + 14 = -p*o. What is the units digit of o?
7
Let u(z) = z**2 - 3*z - 2. Let d be u(4). What is the units digit of (2/(-4)*d)/(-1)?
1
What is the tens digit of 13 + 33 - (0 + 0)?
4
Suppose -2*q - 558 = -8*q. What is the tens digit of q?
9
Let g = -13 - -18. Suppose 116 = g*u - 44. Let a = u - 23. What is the units digit of a?
9
What is the units digit of 1*(20/70 - (-598)/14)?
3
Let j = -17 + -50. Let o = -47 - j. What is the units digit of o?
0
Let r = 8 + -6. Let k(p) = -p**3 + 4*p**2 - 2*p - 1. What is the units digit of k(r)?
3
Let f = -15 + 13. What is the tens digit of (-1 + (-51)/6)*f?
1
Let z(h) = 123*h**2 + 2*h + 3. What is the tens digit of z(-1)?
2
Let c = -2 - -6. Let w = 3 + 0. Suppose 2*f = -8, -c*f - 21 = w*j - 4*j. What is the units digit of j?
5
Suppose -3*y = 6, i - 2 - 7 = 2*y. Suppose i*w + 10 = -0. Let n(p) = -3*p**3 - 4*p**2 - 3*p - 1. What is the tens digit of n(w)?
1
Let j = -7 - -15. What is the units digit of j?
8
Let k(s) = 8*s**2 + 7*s - 15. What is the tens digit of k(4)?
4
Suppose 0 = 5*m - 5*l + 220, -l - 100 = 4*m + 96. Let h = -28 - m. What is the tens digit of h?
2
Let r(z) = z**3 - 10*z**2 + 12*z - 5. Let c be r(10). Suppose -w - 6 = 2*w. What is the units digit of c/10 + 1/w?
1
Suppose 0 = -6*k + k - 5. Suppose -4*b - 26 = -82. Let q = b + k. What is the units digit of q?
3
Suppose -5*l = 3*g - 28, 0 = 5*g - 2*g + l - 20. What is the units digit of 34/3 - g/(-9)?
2
Suppose 0 = 32*r - 34*r + 3